.
10
Calculate the greatest common factor of 550 and 50.
50
Calculate the highest common divisor of 72 and 1056.
24
What is the greatest common factor of 792 and 1224?
72
What is the highest common factor of 166 and 1411?
83
What is the highest common divisor of 287 and 1064?
7
Calculate the greatest common divisor of 21 and 6174.
21
What is the highest common divisor of 472 and 40?
8
What is the highest common factor of 60 and 2730?
30
Calculate the highest common divisor of 450 and 18.
18
What is the highest common factor of 2795 and 65?
65
What is the highest common factor of 213 and 5041?
71
Calculate the greatest common divisor of 12 and 240.
12
Calculate the greatest common divisor of 864 and 54.
54
What is the greatest common divisor of 2093 and 1092?
91
Calculate the highest common divisor of 648 and 24.
24
Calculate the highest common factor of 36 and 9.
9
Calculate the greatest common factor of 156 and 12.
12
Calculate the greatest common factor of 97 and 10573.
97
What is the greatest common factor of 49 and 252?
7
What is the greatest common factor of 20 and 190?
10
Calculate the highest common factor of 8550 and 550.
50
Calculate the highest common divisor of 16 and 65264.
16
Calculate the greatest common divisor of 3920 and 105.
35
Calculate the highest common factor of 72 and 32.
8
Calculate the greatest common factor of 94 and 423.
47
Calculate the greatest common factor of 240 and 96.
48
What is the highest common divisor of 42 and 342?
6
Calculate the greatest common factor of 310 and 465.
155
Calculate the greatest common factor of 170 and 20.
10
Calculate the highest common divisor of 528 and 576.
48
What is the highest common divisor of 413 and 14?
7
What is the greatest common factor of 1008 and 16?
16
What is the highest common factor of 234 and 108?
18
Calculate the highest common divisor of 4 and 15772.
4
Calculate the greatest common factor of 78 and 39.
39
What is the highest common divisor of 2482 and 34?
34
Calculate the greatest common divisor of 1012 and 184.
92
What is the highest common factor of 153 and 204?
51
What is the highest common divisor of 247 and 13?
13
What is the highest common divisor of 486 and 2187?
243
Calculate the greatest common divisor of 7 and 511.
7
Calculate the greatest common factor of 15360 and 15.
15
What is the greatest common factor of 203 and 7?
7
Calculate the greatest common divisor of 560 and 3710.
70
Calculate the greatest common factor of 1184 and 518.
74
What is the highest common factor of 136 and 2669?
17
Calculate the highest common factor of 176 and 132.
44
What is the greatest common divisor of 10 and 10700?
10
Calculate the highest common divisor of 77 and 44.
11
Calculate the highest common factor of 20033 and 69.
23
What is the greatest common divisor of 962 and 52?
26
Calculate the greatest common divisor of 452 and 791.
113
Calculate the greatest common factor of 14833 and 182.
91
Calculate the greatest common divisor of 24 and 444.
12
Calculate the highest common divisor of 70 and 9590.
70
Calculate the highest common factor of 384 and 144.
48
Calculate the greatest common factor of 205 and 41.
41
Calculate the highest common factor of 78 and 429.
39
What is the highest common factor of 1829 and 31?
31
What is the highest common divisor of 323 and 68?
17
What is the greatest common divisor of 525 and 105?
105
Calculate the highest common divisor of 17 and 1411.
17
What is the highest common factor of 17511 and 39?
39
Calculate the greatest common divisor of 832 and 64.
64
Calculate the greatest common divisor of 6519 and 795.
159
Calculate the greatest common divisor of 355 and 568.
71
Calculate the greatest common divisor of 297 and 486.
27
What is the greatest common factor of 2376 and 648?
216
Calculate the highest common divisor of 220 and 2035.
55
What is the greatest common factor of 459 and 1037?
17
Calculate the highest common factor of 555 and 45.
15
Calculate the greatest common divisor of 144 and 2648.
8
What is the highest common divisor of 10 and 3110?
10
Calculate the greatest common divisor of 2000 and 1180.
20
What is the highest common factor of 48 and 6504?
24
What is the highest common divisor of 6585 and 15?
15
What is the greatest common divisor of 30 and 138?
6
What is the highest common factor of 2028 and 12?
12
Calculate the greatest common divisor of 1666 and 28.
14
Calculate the highest common factor of 31 and 71.
1
What is the greatest common divisor of 387 and 43?
43
What is the greatest common divisor of 123 and 3?
3
What is the greatest common divisor of 48 and 24?
24
Calculate the highest common divisor of 157 and 1.
1
Calculate the greatest common divisor of 6463 and 115.
23
Calculate the highest common factor of 48 and 1104.
48
Calculate the greatest common divisor of 10 and 5.
5
Calculate the greatest common divisor of 72 and 1476.
36
What is the greatest common factor of 31 and 527?
31
Calculate the highest common factor of 273 and 39.
39
Calculate the greatest common factor of 3345 and 15.
15
Calculate the greatest common factor of 24 and 7080.
24
Calculate the greatest common factor of 6 and 4.
2
Calculate the greatest common factor of 901 and 212.
53
What is the highest common factor of 80 and 848?
16
Calculate the highest common divisor of 33 and 44781.
33
What is the highest common divisor of 5 and 20?
5
What is the highest common divisor of 30 and 1275?
15
Calculate the greatest common divisor of 116 and 4959.
29
Calculate the greatest common divisor of 3818 and 92.
46
What is the greatest common factor of 1869 and 105?
21
What is the greatest common divisor of 104 and 4498?
26
What is the greatest common divisor of 36 and 2532?
12
What is the greatest common factor of 442 and 51?
17
What is the highest common factor of 19020 and 15?
15
What is the highest common divisor of 42 and 61656?
42
Calculate the greatest common divisor of 5 and 5260.
5
Calculate the greatest common divisor of 67 and 5293.
67
What is the highest common divisor of 230 and 8970?
230
What is the greatest common divisor of 98969 and 299?
299
What is the highest common divisor of 1534 and 78?
26
Calculate the highest common factor of 5311 and 113.
113
What is the greatest common factor of 13 and 559?
13
Calculate the greatest common factor of 22 and 1034.
22
Calculate the highest common divisor of 1606 and 22.
22
Calculate the greatest common factor of 684 and 324.
36
What is the highest common factor of 399 and 21?
21
What is the greatest common divisor of 357 and 51?
51
Calculate the greatest common factor of 616 and 14.
14
Calculate the greatest common factor of 196 and 28.
28
What is the greatest common divisor of 390 and 819?
39
What is the greatest common divisor of 63 and 4221?
63
Calculate the highest common factor of 52 and 8.
4
What is the highest common factor of 2015 and 65?
65
What is the greatest common divisor of 31055 and 5?
5
Calculate the highest common divisor of 65 and 26.
13
Calculate the greatest common factor of 140 and 1050.
70
Calculate the highest common divisor of 8083 and 177.
59
Calculate the highest common factor of 528 and 12.
12
What is the greatest common divisor of 871 and 603?
67
What is the highest common divisor of 1740 and 360?
60
What is the greatest common factor of 416 and 64?
32
What is the greatest common divisor of 4 and 578?
2
Calculate the highest common factor of 288 and 10872.
72
Calculate the greatest common factor of 23506 and 92.
46
Calculate the greatest common divisor of 66 and 22.
22
What is the greatest common factor of 536 and 8?
8
What is the greatest common factor of 9100 and 56?
28
What is the greatest common divisor of 35 and 28?
7
Calculate the greatest common divisor of 1316 and 15463.
329
Calculate the greatest common divisor of 4 and 22556.
4
Calculate the highest common factor of 1100 and 5.
5
Calculate the highest common divisor of 1113 and 21.
21
What is the highest common divisor of 448 and 96?
32
What is the greatest common divisor of 34599 and 57?
57
Calculate the greatest common factor of 33 and 141.
3
Calculate the highest common divisor of 767 and 299.
13
Calculate the highest common factor of 114 and 20406.
114
Calculate the highest common factor of 1352 and 56.
8
What is the 